 is the highest common factor of 394358 and 644?
46
What is the highest common factor of 21509 and 274?
137
What is the highest common factor of 1703549 and 712?
89
What is the highest common divisor of 484 and 53845?
121
Calculate the highest common divisor of 1126449 and 376.
47
What is the greatest common divisor of 25823195 and 145?
145
What is the greatest common divisor of 12345 and 130?
5
Calculate the highest common divisor of 16 and 629768.
8
Calculate the greatest common factor of 562 and 74.
2
Calculate the greatest common divisor of 588 and 20139.
147
What is the highest common factor of 1250 and 2870625?
625
What is the greatest common divisor of 8 and 62884?
4
What is the highest common factor of 77 and 73171?
7
Calculate the highest common divisor of 8960 and 1386.
14
What is the greatest common divisor of 132 and 806168?
44
Calculate the highest common factor of 5920 and 290.
10
Calculate the highest common divisor of 1484 and 3508918.
742
Calculate the greatest common factor of 620580 and 60.
60
Calculate the greatest common divisor of 43 and 53707.
43
What is the highest common divisor of 14060 and 270?
10
Calculate the highest common factor of 9207 and 744.
93
Calculate the highest common divisor of 171088 and 31376.
592
Calculate the highest common divisor of 296 and 144152.
296
What is the greatest common factor of 10 and 218930?
10
What is the greatest common divisor of 4692 and 7797?
69
Calculate the greatest common factor of 1032 and 5724.
12
Calculate the greatest common divisor of 197688 and 636.
12
Calculate the highest common divisor of 242514 and 972.
486
Calculate the highest common factor of 833362 and 4647.
1549
Calculate the greatest common factor of 51689 and 136906.
1397
What is the greatest common factor of 658494 and 774?
18
Calculate the greatest common factor of 253 and 110.
11
What is the greatest common factor of 145613 and 299?
299
What is the greatest common factor of 279050 and 50?
50
What is the greatest common factor of 84928 and 3136?
64
Calculate the greatest common factor of 414 and 1951251.
69
Calculate the highest common divisor of 3651154 and 389.
389
Calculate the highest common factor of 265 and 20193.
53
What is the greatest common divisor of 33155 and 8455?
95
Calculate the highest common factor of 796097 and 82.
41
Calculate the highest common factor of 11907 and 6507.
27
Calculate the highest common divisor of 8070 and 30930.
30
What is the highest common divisor of 118 and 64487?
59
Calculate the highest common divisor of 2268 and 135.
27
What is the greatest common factor of 24 and 174592?
8
Calculate the greatest common factor of 85 and 26965.
5
What is the greatest common divisor of 18410 and 50?
10
Calculate the highest common divisor of 48 and 4856784.
48
What is the greatest common factor of 846827 and 413?
59
Calculate the highest common divisor of 14 and 14502.
2
Calculate the greatest common factor of 6525 and 12441.
87
Calculate the greatest common divisor of 574 and 290710.
14
Calculate the greatest common factor of 329149 and 2972.
743
What is the greatest common divisor of 86456 and 202?
202
Calculate the highest common factor of 55300 and 3850.
350
What is the greatest common factor of 1892 and 163658?
946
What is the greatest common divisor of 39512 and 104?
8
Calculate the greatest common divisor of 344905 and 55.
55
What is the greatest common divisor of 1295 and 74740?
185
What is the highest common divisor of 30 and 987165?
15
What is the greatest common factor of 60655 and 105?
35
What is the greatest common divisor of 98069 and 2094?
349
Calculate the greatest common divisor of 1678 and 982469.
839
Calculate the greatest common factor of 31 and 147281.
31
Calculate the greatest common factor of 82 and 700034.
82
Calculate the highest common factor of 808260 and 6840.
1140
What is the greatest common factor of 153 and 49674?
51
What is the greatest common divisor of 247 and 513?
19
Calculate the highest common factor of 138475 and 5.
5
Calculate the greatest common divisor of 54859 and 476.
119
What is the highest common factor of 2167 and 12017?
197
What is the greatest common divisor of 32332 and 944?
236
What is the greatest common divisor of 2980626 and 165?
33
What is the highest common factor of 343 and 327565?
343
What is the greatest common divisor of 1132225 and 55?
5
What is the greatest common factor of 76194 and 5478?
498
Calculate the highest common divisor of 376536 and 696.
696
What is the greatest common divisor of 162 and 192537?
81
What is the highest common divisor of 11349 and 299?
13
Calculate the greatest common divisor of 33474 and 1806.
42
What is the highest common factor of 2938 and 2158?
26
What is the greatest common divisor of 10621 and 602?
43
What is the greatest common divisor of 12091 and 10961?
113
What is the highest common factor of 1644 and 113984?
548
Calculate the greatest common factor of 1773 and 66.
3
Calculate the highest common divisor of 522 and 2110533.
87
What is the highest common divisor of 2336 and 4032?
32
What is the highest common factor of 2476 and 3?
1
What is the highest common factor of 49760 and 1520?
80
Calculate the highest common factor of 214718 and 29422.
626
Calculate the greatest common divisor of 35244 and 3560.
356
Calculate the highest common divisor of 5184088 and 42.
14
Calculate the highest common factor of 198 and 40656.
66
Calculate the greatest common factor of 2618 and 7718.
34
What is the greatest common divisor of 240 and 756020?
20
Calculate the highest common divisor of 4326 and 574.
14
What is the highest common divisor of 85 and 2058955?
85
Calculate the highest common divisor of 1920 and 3080320.
640
What is the greatest common divisor of 84 and 678328?
28
Calculate the greatest common factor of 8866 and 13871.
143
What is the highest common divisor of 3397 and 473?
43
Calculate the highest common factor of 4956 and 357540.
708
What is the greatest common factor of 59565 and 660?
165
What is the highest common divisor of 225 and 2205?
45
Calculate the highest common divisor of 60979 and 578.
289
Calculate the greatest common factor of 135 and 852660.
135
Calculate the highest common factor of 2619000 and 400.
200
Calculate the highest common factor of 605360 and 10.
10
What is the highest common factor of 7011 and 3321?
369
Calculate the highest common factor of 9 and 290793.
3
Calculate the highest common divisor of 9 and 257.
1
What is the highest common divisor of 3355 and 18425?
55
What is the greatest common divisor of 3372 and 2?
2
Calculate the greatest common divisor of 150 and 93200.
50
Calculate the highest common divisor of 651 and 48453.
93
What is the greatest common factor of 486 and 14166?
18
What is the greatest common factor of 329 and 5325523?
329
Calculate the highest common factor of 102 and 95285.
17
Calculate the greatest common divisor of 8768 and 3151.
137
Calculate the highest common divisor of 6712096 and 16.
16
Calculate the greatest common divisor of 101138 and 3660.
122
Calculate the greatest common factor of 80069 and 203.
29
Calculate the greatest common divisor of 5698 and 3773.
77
What is the highest common divisor of 82917 and 555?
111
What is the greatest common divisor of 132325 and 25?
25
What is the greatest common divisor of 149233 and 35?
7
Calculate the greatest common divisor of 1666 and 24.
2
What is the greatest common divisor of 81136 and 104?
8
Calculate the greatest common factor of 1612 and 4957706.
806
What is the highest common factor of 635962 and 28526?
1678
What is the highest common divisor of 66976 and 1472?
736
Calculate the greatest common factor of 435 and 263955.
15
Calculate the highest common divisor of 470 and 30.
10
What is the highest common divisor of 338205 and 735?
105
Calculate the highest common divisor of 1709322 and 821.
821
What is the greatest common divisor of 26 and 2383?
1
Calculate the greatest common factor of 5882 and 29929.
173
Calculate the highest common factor of 35 and 1797047.
7
What is the highest common divisor of 2132 and 3588?
52
Calculate the highest common factor of 480 and 3696.
48
What is the highest common divisor of 769966 and 2936?
734
Calculate the highest common divisor of 32886 and 2